- 1032. What is y(13)?
-161
Let r(q) = 2*q**3 + 189*q**2 - 7210*q + 1359. Calculate r(29).
-4
Let h(y) = -129579*y - 518313. Calculate h(-4).
3
Let g(v) = -v**3 + 22*v**2 - 124*v + 271. What is g(14)?
103
Let w(i) = -2*i**2 - 33*i - 507. Give w(-15).
-462
Let g(x) = -x**2 - 76*x + 116216. What is g(-381)?
11
Let g(z) = -103*z**3 + 828*z**2 + 101*z - 1086. Calculate g(8).
-22
Let z(l) = l**2 + 401*l + 8043. What is z(-21)?
63
Let w(v) = -188*v + 28506. Determine w(145).
1246
Let z(x) = 5*x**2 + 946*x - 6857. Give z(7).
10
Let f(d) = 226*d**2 - 438*d - 5. Determine f(2).
23
Let s(z) = 19*z**2 - 370*z + 2060. Determine s(10).
260
Let b(p) = -28614*p - 28612. What is b(-1)?
2
Let k(z) = -z**2 - 589487*z + 4715964. Give k(8).
4
Let g(s) = 97*s + 584. Determine g(-6).
2
Let o(f) = -4*f**2 - 78*f + 896. What is o(-42)?
-2884
Let q(b) = -4642*b - 5059. Determine q(-1).
-417
Let g(z) = 3*z**2 + 4707*z + 241042. What is g(-1516)?
-2
Let r(g) = -70*g**2 - 40241*g + 5345. Calculate r(-575).
170
Let v(t) = -4342*t - 8698. Calculate v(-2).
-14
Let u(t) = 3*t**3 + 17*t**2 - 53*t + 516. Calculate u(-12).
-1584
Let o(i) = -1466*i - 29053. Calculate o(-20).
267
Let f(a) = -a**3 - 11*a**2 + 4001*a + 40028. Give f(-10).
-82
Let q(u) = -4*u**2 + 510*u + 14876. Calculate q(152).
-20
Let j(c) = 7921*c + 7938. Calculate j(-1).
17
Let u(a) = -107*a + 35395. Calculate u(313).
1904
Let s(z) = 2*z**2 - 1306*z + 176412. Calculate s(462).
-72
Let a(o) = o**3 + 361*o**2 + 357*o - 1088. What is a(-360)?
-8
Let q(y) = -4*y**2 + 32*y - 179. Determine q(13).
-439
Let t(l) = 48765*l**2 + 438883*l - 24. Give t(-9).
-6
Let r(k) = -2*k**3 + 145*k**2 + 1739*k + 513. Calculate r(83).
181
Let q(p) = -4*p**2 + 53027*p - 159035. Give q(3).
10
Let p(k) = 6*k**2 + 544*k + 1386. Determine p(-88).
-22
Let p(w) = 53983*w + 539855. Give p(-10).
25
Let n(k) = -15675*k + 1285356. What is n(82)?
6
Let w(j) = -j**3 - 215*j**2 - 2624*j + 21. Give w(-13).
-5
Let v(u) = 13*u**2 + 9184*u + 9186. Give v(-1).
15
Let v(q) = 2176*q**3 + 23937*q**2 + 4*q - 81. Calculate v(-11).
-4
Let k(w) = w**2 + 2140*w + 858652. Determine k(-535).
-23
Let p(d) = -2956*d + 159633. Calculate p(54).
9
Let a(h) = -188*h**2 + 3512*h - 8. Calculate a(19).
-1148
Let w(v) = -43*v**2 - 296*v - 31. Give w(-7).
-66
Let v(o) = 16*o**3 + 9*o**2 + 1851*o - 1861. Give v(1).
15
Let v(q) = -q**3 + 72*q**2 - 931*q - 235. What is v(55)?
-15
Let y(l) = -3*l**3 + 899*l**2 + 344*l - 13358. Calculate y(300).
-158
Let g(c) = -2*c**2 + 400*c + 6269. Give g(-14).
277
Let z(u) = 2*u**2 + 173*u - 283. Determine z(-103).
3116
Let f(p) = -78*p + 17954. Give f(228).
170
Let f(u) = 62*u**2 - 1922*u - 19349. Calculate f(-8).
-5
Let q(c) = -125*c**2 - 464*c - 25. Calculate q(-5).
-830
Let w(g) = 14779*g - 7525. What is w(1)?
7254
Let f(z) = -9961*z**2 - z - 3. Determine f(0).
-3
Let y(b) = -b**2 - 2454*b - 29323. Give y(-12).
-19
Let n(b) = 121844*b**2 - 852915*b + 37. Give n(7).
-12
Let n(d) = -3*d**2 - 938*d - 73309. Determine n(-157).
10
Let f(g) = 2*g**3 - 6*g**2 - 248*g - 1502. Determine f(-6).
-662
Let o(j) = -j**3 - 13*j**2 + 401*j + 2616. Give o(-6).
-42
Let z(t) = -2*t**3 - 375*t**2 - 925*t + 4. Determine z(-185).
4
Let f(u) = -28*u**2 + 2271*u + 6859. What is f(84)?
55
Let b(s) = -3*s**2 - 340*s + 19554. Calculate b(42).
-18
Let b(d) = -3*d**2 - 15*d + 552. Determine b(17).
-570
Let w(q) = -1156*q + 7535. What is w(6)?
599
Let w(v) = v**2 - 3970*v + 506595. What is w(132)?
-21
Let t(g) = 8*g**2 + 864*g + 21046. Determine t(-71).
30
Let i(d) = -13*d**2 - 1304*d + 379. Determine i(-100).
779
Let g(p) = 403*p - 83730. Calculate g(209).
497
Let f(a) = 4862*a + 24410. Calculate f(-5).
100
Let d(s) = -s**3 - 208*s**2 - 9436*s - 96134. Calculate d(-149).
-29
Let d(n) = -161*n**2 - 21907*n - 1495. Calculate d(-136).
1
Let p(n) = -68714*n - 1099422. Give p(-16).
2
Let d(q) = 117*q - 11645. Determine d(101).
172
Let n(r) = -21*r**3 - 122*r**2 - 92*r + 63. What is n(-4)?
-177
Let h(j) = 7*j**3 + 5*j**2 - 10*j - 181. Give h(-6).
-1453
Let g(b) = 87*b + 16509. What is g(-225)?
-3066
Let u(b) = 2*b**2 - 194*b - 15505. Calculate u(-52).
-9
Let d(j) = 328*j + 19533. What is d(-61)?
-475
Let k(l) = -10431*l - 62548. What is k(-6)?
38
Let l(y) = -4905*y - 19581. Determine l(-4).
39
Let c(i) = -13*i - 1097. Give c(-61).
-304
Let r(u) = -u**3 + 10*u**2 + 201*u + 24. Give r(-10).
14
Let v(o) = 1358*o - 283811. Calculate v(209).
11
Let n(c) = 11*c**2 + 619*c - 365. Determine n(-58).
737
Let o(r) = 2003*r - 80009. Determine o(40).
111
Let g(l) = l**3 + 94*l**2 - 622*l - 41258. Calculate g(-96).
22
Let y(b) = 157*b - 28343. Calculate y(178).
-397
Let m(x) = x**3 - 420*x**2 - 6264*x + 81590. What is m(434)?
-2
Let i(h) = 3*h**3 - 105*h**2 + 93*h + 22. Give i(34).
-284
Let f(m) = 478*m - 214149. Determine f(448).
-5
Let g(j) = j**3 + 15*j**2 - 54*j + 16. What is g(-7)?
786
Let z(m) = 2*m**3 + 44*m**2 + 95*m + 7. Calculate z(-16).
1559
Let t(q) = q**2 + 53*q - 36186. Calculate t(-218).
-216
Let v(h) = -7*h**3 - 7*h**2 - 870*h + 3504. Determine v(4).
-536
Let m(j) = -1172*j + 141168. Calculate m(121).
-644
Let d(u) = -846*u - 8453. Give d(-10).
7
Let c(k) = 5018*k - 5035. What is c(1)?
-17
Let i(a) = -2*a**2 + 4208*a - 675154. Calculate i(175).
-4
Let m(w) = -26*w - 281. What is m(-16)?
135
Let g(z) = 4*z**2 - 1765*z + 68495. Give g(43).
-4
Let p(x) = -x**3 + 2211*x**2 + 40129*x - 58. Determine p(-18).
-184
Let k(g) = 3948*g + 209246. Determine k(-53).
2
Let r(j) = -3*j**2 - 612*j - 31077. Determine r(-97).
60
Let w(v) = -16*v**2 + 949*v - 1821. Give w(2).
13
Let k(z) = z**3 - 61*z**2 - 299*z + 10699. Calculate k(63).
-200
Let z(g) = -g**2 - 316*g - 10272. What is z(-276)?
768
Let k(p) = p**3 - 24*p**2 - 26*p - 723. Calculate k(26).
-47
Let x(t) = 8*t**2 + 1080*t - 13075. What is x(-146)?
-227
Let t(c) = -377*c**2 + 52024*c + 332. Calculate t(138).
56
Let g(f) = -2386*f - 7291. Calculate g(-3).
-133
Let u(d) = d**3 + 8*d**2 - 67*d - 283. What is u(10)?
847
Let g(w) = 2453*w + 2033550. What is g(-829)?
13
Let f(v) = 2*v**3 - 47*v**2 - 619*v + 506. Calculate f(-10).
-4
Let v(g) = -g**3 + 4*g**2 - 196451*g + 589349. Calculate v(3).
5
Let v(w) = -17*w**2 + 166754*w - 166753. Calculate v(1).
-16
Let b(h) = -h**3 + 234*h**2 - 499*h + 14798. What is b(232)?
6678
Let g(h) = -49*h**3 + 67*h**2 - 143*h - 7. Determine g(2).
-417
Let m(p) = -2*p**2 + 445*p - 15474. Determine m(35).
-2349
Let k(x) = -x**2 + 106*x + 9548. Calculate k(164).
36
Let i(x) = -1749*x + 4671. Calculate i(3).
-576
Let a(m) = 228*m**2 - 403*m - 3. Determine a(2).
103
Let r(y) = 16744*y - 267893. What is r(16)?
11
Let v(o) = 2*o**3 - o**2 + 713*o - 6777. Give v(10).
2253
Let i(p) = 4434*p - 660705. What is i(149)?
-39
Let d(f) = -2*f**2 - 41*f + 141. What is d(-19)?
198
Let v(x) = -x**3 - 71*x**2 - 941*x + 230. Calculate v(-18).
-4
Let m(f) = 44*f**3 - 5*f**2 - 6*f + 52. Give m(4).
2764
Let c(s) = 17*s**2 - 168*s - 490. Determine c(-3).
167
Let s(p) = 5214*p - 709073. Give s(136).
31
Let m(l) = 7*l**3 + 54*l**2 - 402*l - 2882. What is m(-9)?
7
Let o(y) = 6*y**2 - 150*y - 4349. Determine o(-25).
3151
Let v(w) = -5*w**3 - 752*w**2 - 1041*w + 518. Determine v(-149).
220
Let y(d) = 2*d**2 + 991*d + 8746. Determine y(-9).
-11
Let x(t) = -8*t**3 - 859*t**2 - 1187*t - 2220. What is x(-106)?
6
Let r(i) = -i**3 - 3*i**2 + 162*i + 1055. Determine r(-6).
191
Let b(j) = -3*j**3 + 12*j**2 - 24*j - 29. What is b(5)?
-224
Let j(p) = -473346*p + 9940267. Calculate j(21).
1
Let q(r) = 1860*r + 245522. What is q(-132)?
2
Let l(z) = z**3 + 36*z**2 + 360*z + 604. What is l(-19)?
-99
Let l(k) = 10376*k**2 + 259397*k - 71. Calculate l(-25).
4
Let c(l) = l**2 + 3075*l - 813398. Calculate c(245).
2
Let i(o) = 73*o - 5537. Determine i(56).
-1449
Let j(g) = -21*g**2 + 311*g + 2686. Calculate j(-9).
-1814
Let v(s) = -57645*s + 57636. What is v(1)?
-9
Let k(h) = 2027*h + 239242. What is k(-118)?
56
Let c(y) = y**3 - 69*y**2 + 18*y - 1264. Determine c(69).
-22
Let f(w) = -995*w + 26915. Calculate f(27).
50
Let h(i) = 2*i**2 - 4101*i - 95445. What is h(-23)?
-64
Let m(f) = 15866*f - 79058. What is m(5)?
272
Let m(c) = -c**3 + 157*c**2 + 886*c - 38966. Give m(161).
-4
Let m(i) = -18*i**3 - 1065*i**2 - 14161*i - 121. Determine m(-39).
3